t m be z(a). Let g be 1*0/(-4 - m). Let n(s) = -s + 9. What is n(g)?
9
Let n(v) = 4*v**2 + 2*v - 2. Let u(o) = o - 5. Let h be u(3). What is n(h)?
10
Let v(w) = -4*w**3 + w**2 - 2*w - 4. Let u(l) = l**3 - l - 1. Let c(n) = -3*u(n) + v(n). Determine c(1).
-6
Suppose -2*z + 0*s + 2*s = 16, -4*z + 2*s = 30. Let u = z - -12. Let c(l) = u*l - 2 - 1 + 6*l**2 - 5*l**2. What is c(-4)?
-7
Let l = 7 - 4. Let a(f) = f**3 + 3*f - 4 - 2*f**l + 2*f**2 + 0*f**3. Let b be a(3). Let r(o) = -o - 5. What is r(b)?
-1
Let k(t) = -8 - 2 - 78*t + 76*t. Give k(-9).
8
Let h(y) = 6*y + 51. Let m be h(-9). Let o(v) = v**3 + v**2 - 3*v + 4. Give o(m).
-5
Let q(i) = i**2 - 4*i - 7. Let y be (-4)/24*5*-6. Determine q(y).
-2
Let l = 1 - -2. Let s(c) = 2 - l + 6 - c. What is s(4)?
1
Let d(u) = u**3 - 5*u**2 - 6*u - 4. Let i(t) = -t + 1. Let g be i(-1). Let l be (-12)/5*(-5)/g. Determine d(l).
-4
Let x(n) = 7*n + 11. Let o(p) = 0*p - 6 - 6*p + 2*p. Suppose y + 4*q = -0*y + 7, -8 = -4*y + 4*q. Let w(i) = y*x(i) + 5*o(i). Calculate w(0).
3
Let z(q) = -189*q**2 + 56*q. Let g be (-4)/(-12) + 10/(-3). Let o(c) = 10*c**2 - 3*c. Let t(k) = g*z(k) - 56*o(k). What is t(1)?
7
Let z(g) = -g**3 - g**2 - g. Let p(t) = -2*t**2 + 4*t - 2. Let x(s) = p(s) + z(s). Suppose 0 = -0*j + j + 4. Calculate x(j).
2
Let x(f) = f**3 - f**2 - 4. Suppose 4*w + 24 = -0*u + u, 3*w + 45 = 3*u. Let c be (u/9 - 1)*0. Determine x(c).
-4
Let s(v) = 3*v + 4. Let l(t) = t**3 + 6*t**2 - 3*t - 15. Let b be l(-6). Determine s(b).
13
Let i(h) = 7*h**3 - h**2 + 6. Let p(q) = 15*q**3 - q**2 - q + 13. Let k(j) = -13*i(j) + 6*p(j). Give k(6).
0
Let b be -4*(3/(-2) + 1). Let m(p) = -3*p**2 - 1 - p**b + 0 + 2*p. Suppose -2*a + 1 = 5*c - 0, -4*c - 4*a - 4 = 0. Determine m(c).
-3
Let s(j) be the third derivative of j**6/30 - j**5/60 + j**3/6 + j**2. Suppose 1 = 2*r - 3*c - 2, -3*c = -5*r + 3. Let m be (0 + r + 1)*-1. Determine s(m).
-4
Let z(q) = q + 8. Let f be z(0). Let g = f - 5. Let b(i) = -i + 3*i - 4*i + g*i. What is b(5)?
5
Let a(v) = -v + 4. Let l be a(6). Let m = l - -3. Let c(b) = -b + b - b**3. Calculate c(m).
-1
Let h(w) = 5*w + 4. Let d be h(0). Let p(k) = -7*k**2 + 4*k - 1. Let s(a) = 6*a**2 - 4*a + 1. Let t(l) = 5*p(l) + 6*s(l). What is t(d)?
1
Let h be (13/(-52))/(1/(-28)). Let l(y) = -y**3 + 6*y**2 + 8*y + 4. What is l(h)?
11
Let u(w) = w - 1. Let s = -45 - -49. Determine u(s).
3
Let d = 28 - 24. Let m(u) be the first derivative of -1/3*u**3 + 1/4*u**d + u**2 + 0*u + 1. Calculate m(2).
8
Let o(m) = -m**3 - 5*m**2 + 7*m + 2. Let j be ((-4)/8)/(1/(-12)). Let q(d) = -2*d**3 - 9*d**2 + 13*d + 4. Let v(a) = j*q(a) - 11*o(a). Give v(2).
0
Suppose 0 = 5*s + 22 - 2, -s - 1 = -3*j. Let h(t) = -15*t - 1. Give h(j).
14
Let f(x) be the third derivative of x**5/60 + 7*x**4/24 + x**3/6 - 5*x**2. Give f(-5).
-9
Let c(w) be the third derivative of 0 - 3*w**2 + 0*w - 1/6*w**4 + 1/2*w**3 - 1/60*w**5. Suppose -6 - 10 = -4*r, 3*q + r - 10 = 0. Give c(q).
-9
Let b(q) = 82*q + 77*q + 84*q - 311*q + 77*q. Let m = -1 - -2. What is b(m)?
9
Suppose -4*b - 29 + 9 = -3*z, z - b = 5. Let m be (-3)/(-3)*2 - 0. Let i(o) = -5*o**2 + 6*o**m - 5 + 2*o**3 - o - o**3. Determine i(z).
-5
Suppose 2 = -m + u, 3*m = u - 0*u - 4. Let z(n) = -5*n**2 - 4*n + 2*n**2 + 3*n. What is z(m)?
-2
Let o(q) = q - 3. Suppose -3*a - 16 = -2*a - 4*s, -a + 9 = s. Suppose -4*f - 30 = -2*t, -f = -2*t + a*f + 33. Let h = t - 4. Determine o(h).
2
Let o(m) = 10*m**2 - 3*m - 1. Let f(z) = 7*z**2 - 2*z - 1. Let r(k) = -7*f(k) + 5*o(k). Let g be 3/(-3) - (2 + -3). Let v be (1 - 1)*(-1 - g). Calculate r(v).
2
Let f(z) = -z**3 - 3*z**2 + 5*z + 2. Let j be (-6)/1 + 10 + -8. What is f(j)?
-2
Let o(d) = -3*d - 3*d**2 + 4*d**2 + 3 - 2*d**2. Suppose -1 - 15 = -2*g. Suppose -g = -4*r - 0*r. Determine o(r).
-7
Let k(w) be the second derivative of -w**4/6 + w**3/2 + w**2 - 2*w. Give k(3).
-7
Let t(b) = b**3 - 7*b**2 - 2*b + 9. Suppose 2*h - 4*v - 2 = 0, -5*h - 2*v = -0 - 41. What is t(h)?
-5
Let b = 63 - 61. Let n(y) be the second derivative of 3*y - b*y**2 - 1/3*y**3 + 0. Determine n(-4).
4
Suppose 0 = 2*l - 2 - 2. Let u(z) = z**3 + z**2 - 2*z - 1. What is u(l)?
7
Let d(p) = 573*p + 4 - 573*p + p**2. Determine d(0).
4
Let m(v) be the second derivative of -v**7/315 - v**6/720 - v**4/4 - v. Let w(h) be the third derivative of m(h). Calculate w(-1).
-7
Let o(w) = -w**2 - 3*w - 1. Let a(j) be the third derivative of j**5/15 + j**4/2 + j**3/2 + j**2. Let n(l) = 2*a(l) + 9*o(l). Let g = -7 - -4. Give n(g).
-3
Let j(o) be the third derivative of o**7/840 + o**6/72 + 7*o**5/120 + o**4/6 + o**3/3 + 4*o**2. Let p(i) be the first derivative of j(i). Determine p(-4).
-8
Let h(l) = 0 + 0*l + 1 + l. Let z(j) = -j - 11. Let w be z(-11). Determine h(w).
1
Let a(m) = m**2 + 3*m + 4. Let z be a(-3). Suppose -4*l = z*q + 32, 2 = -2*l + q + 1. Let r be (3 - 2)/(l + 4). Let c(u) = -u + 1. What is c(r)?
0
Let q(j) be the first derivative of -j**2/2 - 9*j - 2. Let c be (-14)/4 - 1/2. What is q(c)?
-5
Let y = 7 + -6. Let q(r) = y + 1 - 19*r - 6*r**2 + 1 - r**2. Let i(n) = -10*n**2 - 28*n + 4. Let o(b) = 5*i(b) - 7*q(b). What is o(-6)?
5
Let n(p) be the third derivative of 1/3*p**3 + 0*p + 1/60*p**5 - 1/8*p**4 + 0 + 2*p**2. Let g be 32/10 + 27/15 + -2. What is n(g)?
2
Let j(w) = 3*w + 1. Let k(h) = h**3 + 10*h**2 + 11*h + 13. Let t be k(-9). Determine j(t).
-14
Suppose 0*s = 2*s - 3*r + 5, 2*s + 4 = 2*r. Let j(p) = 9*p**2. What is j(s)?
9
Let h(v) = v**2 - 6*v + 3. Suppose 2*r - 5*r + 39 = 0. Let z = r + -11. Determine h(z).
-5
Let b(l) = -7*l - 3. Let s(g) = 6*g + 2. Let k(j) = 5*b(j) + 6*s(j). What is k(3)?
0
Suppose 3*q = 2*q - 4. Let z(d) = -3*d**2 + 9*d + 7. Let y(l) = 2*l**2 - 4*l - 3. Let p(b) = -5*y(b) - 3*z(b). Calculate p(q).
6
Let h(c) = c**3 - 6*c**2 - 2. Let f be ((-2)/(-4))/((-2)/(-32)). Suppose 10 + f = 3*d. Give h(d).
-2
Let k(i) = 2*i**2 + 2. Let x be -1 + 0/3 + 13. Let p = -10 + x. What is k(p)?
10
Let x(f) be the first derivative of 1/2*f**2 + 4*f - 1. Let u be (-22)/5 + 6/15. Give x(u).
0
Let x = -4 + 8. Suppose -x*p = -6*p - 10. Let m(n) = 3*n + 5. Give m(p).
-10
Let b = 66 - 72. Let w(h) be the first derivative of h**3/3 + 3*h**2 + 9*h - 2. What is w(b)?
9
Let j(f) = -f + 8. Let n be 1 + -1 - 1*-25. Let m be 2/7 + 132/77. Suppose 0 = 4*w + 5*g - n, -3*g + 1 = -m*w + 8. Calculate j(w).
3
Let q(w) be the second derivative of -4*w**5/5 - 5*w. Calculate q(1).
-16
Let u(f) be the third derivative of f**7/1260 - f**6/720 - f**4/24 - 3*f**2. Let l(r) be the second derivative of u(r). Give l(-1).
3
Let r(z) = z + 8. Let o(p) = -p**2 + p + 2. Let c be o(4). Calculate r(c).
-2
Let n(i) = i**3 - i**2 - 2*i + 3. Let q be n(3). Let z = -11 + 0. Let a = q + z. Let p(o) = -o + 3. Give p(a).
-1
Let u(i) = i**2 + 8*i + 6. Suppose 0 = -35*w + 37*w + 8. What is u(w)?
-10
Let t be 60/(-14) - (-26)/91. Let o(w) = -3*w - 1. Calculate o(t).
11
Let t be 21/6 - 3/2. Let x(y) = -y**3 + 7*y**2 - 3*y**2 - 4*y**2 - t*y**2 + 3*y. Give x(2).
-10
Let s(p) = 3 + 0*p - 3*p + 0. Let k(x) = 4*x + 10. Let z be k(-6). Let f be 4/(-14) + (-32)/z. Determine s(f).
-3
Let r(h) = 12*h - 12*h - h + 2. Give r(2).
0
Suppose 0 = -2*x - 16 - 0. Let y = x - -8. Let m(j) = j**3 - 5. Give m(y).
-5
Let t(b) be the third derivative of b**6/120 + b**5/60 - 9*b**2. Calculate t(1).
2
Let f(k) be the second derivative of -4/3*k**3 + 5*k - 3/2*k**2 - 1/12*k**4 + 0. What is f(-6)?
9
Let h(m) = -m - 8. Suppose k + 2*n = -3*k - 24, -n = k + 4. What is h(k)?
0
Let w(r) = r**2. Let p be w(1). Let u(g) = 13*g + 5. Let y(n) = -12*n - 4. Let b(j) = 5*u(j) + 6*y(j). Give b(p).
-6
Suppose 2*i = -2*w - 20, 2*w - i + 8 = -0*i. Let z(f) = -f**2 - 5*f + 7. Let h be z(w). Let p(s) = -5*s - 1. What is p(h)?
-6
Let x = 3 - 3. Suppose x*s + 5*s = 5. Let b(j) be the third derivative of j**5/30 + 5*j**2. What is b(s)?
2
Let o(w) = 11*w**2 - 3*w + 3. Let n(b) = 32*b**2 - 8*b + 8. Let g(s) = -3*n(s) + 8*o(s). Suppose -2*a + 4*y = -0*y - 14, -5*y - 20 = 0. Determine g(a).
-8
Let l(n) be the third derivative of -1/3*n**3 + 0*n + 0 - 5*n**2 + 1/24*n**4. What is l(2)?
0
Let g(l) be the third derivative of l**5/60 + l**4/12 - l**3/2 + 11*l**2. Determine g(-3).
0
Let z(k) = -k**3 - 5*k**2 + 8*k + 7. Let b = -2 + -4. Calculate z(b).
-5
Let m(r) = -2*r + 6. Let p =